 p. What is the remainder when 22 is divided by j?
6
Let m be (0 + 1)*(1 + 384). Suppose -2*p = -7*p + m. What is the remainder when p is divided by 20?
17
Let b(o) = -o**3 - 6*o**2 + 5*o + 9. Suppose 0 = v + 3*p - 23, -4*p + 26 = v - 0*p. Let f be v*(1 + 6/(-4)). Calculate the remainder when b(f) is divided by 12.
11
Let f(d) = 3*d - 2. What is the remainder when 14 is divided by f(2)?
2
Let w(g) = 8*g**2 + g - 6. What is the remainder when 137 is divided by w(2)?
25
Let i(y) = -7*y - 1. Let g be i(-1). What is the remainder when 2 + ((-2)/(-1))/2 is divided by 3*1*g/9?
1
Suppose -4*i = 5*m - 3*m - 28, 3*m - i = 56. Calculate the remainder when 46 is divided by m.
10
Let w = -52 - -77. Suppose -2*r - 8 = 0, 3*n + r - 39 = 2. Let d = n + -2. What is the remainder when w is divided by d?
12
Suppose 3*f = 4*f - 76. What is the remainder when f is divided by 3/(55/26 + -2)?
24
Let y(l) = 5*l**3 - l**2 + 2*l + 3. Let r(j) = -j**3 + j**2 - 1. Let k(w) = -4*r(w) - y(w). What is the remainder when k(-3) is divided by ((-1)/(-2) - 0)*4?
1
Let v be 1 - (2 + 0)/2. Suppose t - 1 = -v*t. Calculate the remainder when t is divided by 1.
0
Suppose 3*q - s - 53 = 0, -2*q + 4*s + 0*s + 52 = 0. Calculate the remainder when 45 is divided by q.
13
Let m be (-1)/(20/16)*-25. Suppose -2*b = 2 - m. What is the remainder when 24 is divided by b?
6
Let q(i) = 4*i + 4. Let k be (9/6)/(-3)*0. Let z = 3 - k. What is the remainder when 47 is divided by q(z)?
15
Let a = -8 - -38. Suppose -k - 9 + 25 = 0. Calculate the remainder when a is divided by k.
14
Suppose -2*c = -3*i - 6*c - 18, i = -2*c - 8. Calculate the remainder when (-5)/4*(-1 - 15) is divided by (-158)/(-22) - i/(-11).
6
Let f(y) = y**3 - 6*y**2 - 2*y - 5. Calculate the remainder when (0 + (-156)/(-10))/(128/960) is divided by f(7).
27
Suppose -k - 8 = -3*k. Suppose -p + 3*p = -k*n + 62, -4*n + p = -65. Suppose n = h + 3. What is the remainder when 24 is divided by h?
11
What is the remainder when 120 is divided by (-2)/((-4)/(-31))*-2?
27
Suppose -4*n = n + 25, 2*n = 4*k - 26. Suppose k*w - 2*c = 4, -w + 7 = -5*c - 12. Calculate the remainder when w - 0 - (-27 + 0) is divided by 14.
12
Let s(r) = r**2 + 1. Suppose -9 = -p + 5*w, 2*p = -p + w + 13. Calculate the remainder when s(3) is divided by p.
2
Let i(r) = -r**3 + 9*r**2 - 10*r + 12. Let z be i(8). Calculate the remainder when z/(-10) - (-828)/30 is divided by 10.
8
Let j = 11 - -4. What is the remainder when 59 is divided by j?
14
Calculate the remainder when 42 is divided by (-88)/12*9/(-6).
9
Let o(b) = -b**3 - 11*b**2 + 11*b. What is the remainder when 34 is divided by o(-12)?
10
Let g(n) = -n**3 + 6*n**2 + 7*n - 7. Let p be g(7). Let v(r) = 7*r**2 - 2*r - 1. Let w be v(2). Let z = p + w. Calculate the remainder when 30 is divided by z.
14
Let p be (-1)/(375/186 + -2). Let f be 12/7 + (-2)/(-7). Calculate the remainder when (-4 + f)/(4/p) is divided by 16.
15
Let c(o) = -o**2 - 10*o - 7. Let d be c(-9). Suppose -d*l = 3*l. Suppose 20 = -5*r, 4*r = -l*g + 2*g - 54. What is the remainder when g is divided by 10?
9
Let t(k) = -3*k - 2. Suppose 3*l - 1 - 8 = 0. What is the remainder when t(-2) is divided by l?
1
Calculate the remainder when (-6 - 0)*9/(-6) is divided by -3 + 7 + (-1)/(-1).
4
Suppose 4*r + d - 38 = 0, -4*r - 2*d = -5 - 31. Calculate the remainder when 24 is divided by r.
4
Let b(r) = -r**2 - 10*r + 6. What is the remainder when 109 is divided by b(-8)?
21
Let g = -235 - -155. Let n = g + 143. Calculate the remainder when n is divided by 17.
12
Suppose -5*u - 2 = 3, 5*t = -3*u + 22. Suppose -4*r + 17 = t. Calculate the remainder when 10 is divided by r.
1
Let u(s) = s - 1. Let q(y) = -4*y**2 - 4*y + 9. Let r(b) = -q(b) - 6*u(b). Calculate the remainder when r(-2) is divided by 6.
5
Suppose -5*z - 2*g = -54, 3*z - g = 18 + 10. What is the remainder when z is divided by 2?
0
Let j be 54/10 - 4/10. Suppose -36 = -j*t + 24. Calculate the remainder when ((-22)/2)/((-13)/26) is divided by t.
10
Let g be (-21)/5 + 1/5. Suppose -4*q + 6*q - 8 = 0. Calculate the remainder when q is divided by (g/3)/(8/(-12)).
0
What is the remainder when 66 is divided by (56/(-98))/((-2)/49)?
10
Let q(o) = o**2 + 7*o - 9. Let c be q(-8). Let h(n) = -36*n - 1. What is the remainder when h(c) is divided by 9?
8
Let n(b) = b**2 - 3*b - 1. Let h be n(3). Let k = 78 + -23. What is the remainder when k is divided by -1*(2 + 21*h)?
17
Let i(z) be the second derivative of z**5/20 + 3*z**4/4 - 2*z**3/3 + 11*z**2/2 - 2*z. What is the remainder when i(-9) is divided by 12?
11
Let i(v) = v**2 + 5*v - 12. Let t be i(8). Suppose n - 10 = 2*f, 4*f - t = -4*n - f. What is the remainder when 69 is divided by n?
15
Suppose 5*m - 3 = -c, c + 3*c - 12 = 3*m. Suppose 0 = 4*g - m*g + 40. What is the remainder when (14/(-4))/(1/g) is divided by 18?
17
Let o(a) = -a**3 + 6*a**2 + 2*a - 4. Suppose 2*p = p + 16. Calculate the remainder when o(5) is divided by p.
15
What is the remainder when 55 - (1 + -4 - -4) is divided by 19?
16
Let i(g) = -3*g + 1. Calculate the remainder when i(-11) is divided by 12.
10
Let r(x) = -x**3 + 6*x**2 - 6*x + 4. Let w be r(5). Calculate the remainder when 2 + (1 - (-26 - w)) is divided by 15.
13
Let p(q) = q**2 + q. Let l = -7 - -13. Let r(n) = n**3 - 13*n**2 + 3*n - 5. Let u(x) = l*p(x) + r(x). Calculate the remainder when 37 is divided by u(6).
11
Suppose -f + 4*k = -14, -3*f + 74 = 3*k + 17. Suppose 3*n + f = 4*n. Suppose -4*h + 231 = 19. Calculate the remainder when h is divided by n.
17
Let c be -1*((-2)/1)/2. Let o = 12 + c. Calculate the remainder when 38 is divided by o.
12
Let g = 9 - 17. Suppose l - 2*h = 13, 4*l + h - 16 = 54. Let f = l + g. What is the remainder when 25 is divided by f?
7
Let m(f) = -3*f - 1. Let r(d) = d**3 - 5*d**2 - d + 2. Let c be r(5). Calculate the remainder when (c*9)/(-1 - 0) is divided by m(-5).
13
Calculate the remainder when 123 is divided by (-3 + (-114)/(-10))*5.
39
Let u = 21 + 4. What is the remainder when 46 is divided by u?
21
Let z(p) = p**2 + 14*p - 18. What is the remainder when 39 is divided by z(-16)?
11
Let i = 2 + 32. Suppose 10 = -4*k + i. Let o = -92 + 95. What is the remainder when k is divided by o?
0
Suppose -5*m = 4*q - 107, -q + 44 = 2*m - 0*q. Calculate the remainder when m is divided by (-108)/(-8) - 2/4.
10
Suppose 5*b = 19 + 16. What is the remainder when 24 is divided by b?
3
Suppose -3*u = -0*u + 27. What is the remainder when 52 is divided by (-6)/u*-9*-3?
16
Suppose 70 = 3*l + j, 0 = -10*l + 5*l + j + 114. What is the remainder when l is divided by 8?
7
Let g(p) = p + 12. Let i be g(-9). Suppose -m - 5 = 3*a, i*a = 6*m - m - 47. Let b(d) = -7*d - 3. What is the remainder when b(-4) is divided by m?
4
Let j = 20 + 15. Calculate the remainder when j is divided by 12.
11
Let w(g) = g**2 - 14. Let d be w(0). Let m = d + 29. What is the remainder when 44 is divided by m?
14
Let p(x) = x**2 + 5*x + 2. Let r be p(-5). Suppose 2*b + 2*i - 72 = 0, -b + r*i = i - 32. Let a = -14 + 23. Calculate the remainder when b is divided by a.
7
Let p = 6 - 17. Let w = -6 - p. What is the remainder when (-26 + -2)/(3 - w) is divided by 5?
4
Let a(l) = -l**3 + 3*l**2 - 2*l - 2. Let f be a(2). Calculate the remainder when 17 is divided by -5*(f + 3 + -2).
2
Calculate the remainder when 77 is divided by (-2 - -3)/(2/26).
12
Suppose -21 = 3*u - 6*u. Suppose 3*b - u - 5 = 0. Calculate the remainder when 18 is divided by b/(-6) + 64/6.
8
Let h = -7 - -12. Suppose -18 = 2*m - 3*m. Suppose 17 + m = h*d. Calculate the remainder when 19 is divided by d.
5
Let p(v) = 4*v - 25. What is the remainder when 5 is divided by p(7)?
2
Let j(s) = s**3 + 12*s**2 + 17*s - 12. What is the remainder when j(-10) is divided by 12?
6
Suppose 7 = 2*d - 13. Let x(a) = 2*a - 2. Calculate the remainder when 35 is divided by x(d).
17
Let z(b) = 91*b - 1. Let q be z(1). Suppose 3*d - q = -2*d. Calculate the remainder when 53 is divided by d.
17
Suppose 0*w - 85 = -3*i - 2*w, 3*i = 3*w + 60. What is the remainder when 72 is divided by i?
22
Let t be (-29)/(3/(-2) - -2). Let l be (-6)/9 + t/(-6). Let g = 17 - l. Calculate the remainder when 22 is divided by g.
6
Let s = -1 - -26. Calculate the remainder when s is divided by 13.
12
Let d(r) = -r